me factors of f.
3, 5
Let l(k) = -k**2 + 5*k + 4. Suppose 5*o + 0*o = 5. Let b be 3/9*o*15. List the prime factors of l(b).
2
Let f = -190 + 282. What are the prime factors of f?
2, 23
Suppose 0*m - 2*m + 198 = 0. What are the prime factors of m?
3, 11
Let h be (-5)/(-1) - (4 + -2). Suppose h*p = -5*w, 4*p - p - w = 18. List the prime factors of p/(10/4) - -3.
5
Let w(f) = f**3 - f**2 - 4*f. Let b be w(5). Let c = b - 30. List the prime factors of c.
2, 5
Suppose 23 = 3*x + 5. What are the prime factors of (-50)/(-12) - 1/x?
2
Let m(t) = 11*t - 4. Let s be m(4). Suppose 0 = -2*j + 2*g - 4*g + s, -2*j + 4*g + 58 = 0. List the prime factors of j.
23
Let o = 5 - 1. Suppose o*m + m - 3*u = 48, 0 = 5*m - 4*u - 49. What are the prime factors of m?
3
Suppose 3 = 5*l - 7. Suppose 5*d - 6 = l*d. Let z = d + 0. What are the prime factors of z?
2
Let h(y) be the third derivative of -y**6/120 - y**5/15 - 5*y**4/24 - 2*y**3/3 - 3*y**2. List the prime factors of h(-3).
2
Let b(y) = y**3 + 11*y**2 - 7*y - 9. Let k be b(-8). Suppose -k = -5*r + 3*v, 0 = -6*r + 2*r + 2*v + 190. List the prime factors of r.
2, 23
Suppose 0 = -2*m + m + 31. What are the prime factors of m?
31
Suppose 64 = 2*o + 4*g, -4*o + 4*g - 88 = -7*o. What are the prime factors of o?
2, 3
Let y be (1/(-1))/(1 + 0). Let u = -1 - y. Suppose -3*r + 2*r + 9 = u. List the prime factors of r.
3
What are the prime factors of -2*(0 - 11/2)?
11
List the prime factors of ((-1023)/22)/(1/(-2)).
3, 31
Let s(c) = c + 11. Let o be s(-8). Let h be -1 + (1 - o - -1). Let r = 7 + h. List the prime factors of r.
5
Suppose -d - 14 = 4. Let q = 139 + -76. What are the prime factors of 14/q - 338/d?
19
Let p(z) = 24*z - 3. Let k be p(1). What are the prime factors of k - (2 + -3)*4?
5
Suppose -51*n + 309 = -50*n. List the prime factors of n.
3, 103
Suppose 6*g + 42 = 312. List the prime factors of g.
3, 5
Let o(m) = m**3 + 8*m**2 + 6*m - 3. Let v = -19 - -12. List the prime factors of o(v).
2
Let o(n) = -11*n + 9. Let m(l) = -l + 1. Let j(f) = 4*m(f) - o(f). List the prime factors of j(2).
3
Let h(d) be the first derivative of 5*d**4/24 - d**2 + 1. Let k(f) be the second derivative of h(f). List the prime factors of k(1).
5
Let t be 3 + -13*(1 - -1). Let f = t - -51. What are the prime factors of f?
2, 7
Suppose 6*i + 40 = 2*i. Let u = i - -5. Let k = u + 10. List the prime factors of k.
5
Let f(d) = d**3 + d**2 - 10*d + 14. What are the prime factors of f(7)?
2, 3, 7
Let p = -5 - -9. Suppose -5*l - 5*a = -55, 29 + 24 = 5*l + p*a. List the prime factors of l.
3
Let l be 68/(-3) + (-2)/6. Let d = 42 + l. What are the prime factors of d?
19
Let w(d) = -d**3 + 6*d**2 - 4*d + 1. Let v be w(4). Let l = v - 12. Suppose 0 = -u + l*u - 32. What are the prime factors of u?
2
Suppose -4*q - 28 = 2*u + 8, 20 = -3*q - 5*u. Let j = q - -20. Suppose -4*g + j = -54. List the prime factors of g.
2
Let b(k) be the third derivative of -k**5/60 - 7*k**4/24 - k**3/6 + 3*k**2. Let j be b(-5). Let t = 24 - j. List the prime factors of t.
3, 5
Suppose 0 = -34*c + 37*c - 1203. List the prime factors of c.
401
Suppose -f = -6*f + 10. List the prime factors of f.
2
Suppose -3*i - 216 = -7*i. Suppose -2*b + i = -0*b. What are the prime factors of b?
3
Suppose 5*s - 3*s + 4*l = 196, 0 = -3*s - 4*l + 304. Suppose -8*i + 11*i - s = 0. What are the prime factors of i?
2, 3
Suppose 0 = -0*v + 2*v - 46. What are the prime factors of v?
23
List the prime factors of (79 + (-2)/(-2))*108/135.
2
Let t = 13 + -29. Let i = t - -37. List the prime factors of i.
3, 7
Suppose 2*y + 7 = r - 53, -2*y + 190 = 4*r. Suppose -z = -5*l + r, 5*z + 19 = -3*l + 77. List the prime factors of l.
11
Let j = 13 - 0. What are the prime factors of j + 0 - 0/(-4)?
13
Let c(k) be the second derivative of 5*k**4/24 + k**3/3 + k**2/2 + k. Let h(j) be the first derivative of c(j). List the prime factors of h(2).
2, 3
Let h(w) = w**3 + 7*w**2 + 6*w + 9. Let m be h(-6). Let y = 15 + -9. Let c = m - y. What are the prime factors of c?
3
Let o(t) = t**3 - 4*t**2 + 2*t - 1. Let q be o(2). Let k = 8 + q. List the prime factors of k.
3
Suppose 146 = -5*r + 1006. List the prime factors of r.
2, 43
Suppose -32 = -4*a - 24. What are the prime factors of a?
2
Suppose 0 = -3*g + 7*g - 2*t - 214, 4*g + 5*t = 249. Suppose -3*z + 2 = 2*m - 12, -3*z = -5*m + g. List the prime factors of m.
2, 5
Let u(f) = 4 - 1 + 4 - 2 - f. List the prime factors of u(-7).
2, 3
Let z = 5 - 11. Let q be (-16)/(-6) + (-2)/z. Suppose -2*h - 3 = -1, m - 9 = q*h. What are the prime factors of m?
2, 3
Let h(b) = b**3 - 7*b**2 + 2. Let j be h(7). Suppose 15 = 3*i, 89 = 5*t + j*i - 81. List the prime factors of t.
2
Let u = 14 - 8. What are the prime factors of u?
2, 3
Suppose -110 = -5*i + 4*i. What are the prime factors of i?
2, 5, 11
Suppose 4*f = 3*g + 8, f + 3*f = g. Let j = 5 - 2. Let u = j - f. What are the prime factors of u?
2
Let k(d) = -2*d**2 - 3*d - 1. Let s be k(-2). Let h = s - -6. Suppose -t - 9 = -2*b, 0*b - h*t = 3*b + 9. What are the prime factors of b?
2
Let f = -9 - -6. Let y = f + 22. List the prime factors of y.
19
Suppose 4*t = -5*f - 295, 3*t + 2*t + 5*f + 370 = 0. Let r be -5*(-5)/(t/(-6)). Suppose 6 = c + r*c. What are the prime factors of c?
2
Let a(f) = 86*f + 5. What are the prime factors of a(2)?
3, 59
Let s be (-5)/(-2)*(-8)/(-5). Let p be s/((-11)/(-5) + -2). Suppose p = 4*k - u, -2 - 2 = -2*k + 2*u. What are the prime factors of k?
2, 3
Suppose 0 = 17*p - 20*p + 63. What are the prime factors of p?
3, 7
Suppose -5*r - f = -35, -4*r - 37 = -6*r - 5*f. Suppose 2*a = -r + 16. List the prime factors of a.
5
Let k = 1 - 5. Let i = 21 - 12. Let o = i + k. What are the prime factors of o?
5
Suppose -2*w - 30 = 18. Let o be (w/(-3))/((-1)/(-2)). Let i = o - 6. What are the prime factors of i?
2, 5
Let p be 8*5 + -2 + 1. Let l = -24 + p. What are the prime factors of l?
3, 5
List the prime factors of 3/((-48)/4) - (-610)/8.
2, 19
Let y be 12/(-2)*(7 - 8). Let u(c) = 7*c**3 + 11*c**2 - 13*c - 9. Let i(n) = n**3 + n**2 - n. Let p(r) = y*i(r) - u(r). What are the prime factors of p(-6)?
3
Let u(f) = -2*f + 3. Let v be u(2). What are the prime factors of (10/(-8))/(v/4)?
5
Suppose 0 = -2*l - 17 + 23. What are the prime factors of l?
3
Let q = 5 - 2. Suppose -q*u + 4 = -u. Suppose 0 = -u*i + 5 + 17. List the prime factors of i.
11
Let h be (0 + 1)*-2 - -1. Let k be ((-51)/12)/(h/(-4)). Let g = -8 - k. List the prime factors of g.
3
Let k(i) = -46*i**3 + i**2 - 1. Let g be k(1). Let p = -24 - g. What are the prime factors of p?
2, 11
Suppose -4*d + 0*m = -3*m - 7, 5*d + 4*m = -30. List the prime factors of (-52)/(-1)*d/(-8).
13
Let q = 389 + -233. What are the prime factors of q?
2, 3, 13
Suppose y - 2*k - 14 = 0, 2*k + 28 = 4*y + k. What are the prime factors of y?
2, 3
Suppose 3*b = -3*y + 201, 3*b - 4*b = 2*y - 134. What are the prime factors of y?
67
Let g(f) = f - 11. Let d be g(6). List the prime factors of 27 + 1 + 6 + d.
29
Suppose -2*h + 112 = -6*h. Let s = h - -46. Suppose 4*z - s = z. List the prime factors of z.
2, 3
Suppose -3*c + a - 78 = -228, -a = 2*c - 105. What are the prime factors of c?
3, 17
Let x(z) = -2*z - 15. Let u be x(-18). Suppose s + s + 8 = 0, -u = -o + 4*s. List the prime factors of o.
5
Let t be -2 + (-3)/3 - -2. Let y = t - -2. Let f(p) = 10*p**3 + p**2 - 1. List the prime factors of f(y).
2, 5
Suppose -2*r - 9*s + 6*s = -558, -2 = s. List the prime factors of r.
2, 3, 47
Let i(w) = 113*w + 2. Let d be i(1). Suppose -4*v + 69 = -d. What are the prime factors of v?
2, 23
Let s = 291 - 186. List the prime factors of s.
3, 5, 7
Let q be ((-1)/2)/(1/(-58)). Let z = q + -17. What are the prime factors of z?
2, 3
Suppose -x + 2*v - 4*v + 9 = 0, -2*v + 18 = 2*x. What are the prime factors of x?
3
Let k = -20 - -23. Suppose 5*x + 3*g - 60 = 0, -4*x + 5*x = -k*g + 12. List the prime factors of x.
2, 3
Let q(p) = -p - 1. Let v be q(-8). Let b = v - 11. What are the prime factors of 4/(16/(-13))*b?
13
Let b be 138/4 + 9/18. Let n = -19 + b. What are the prime factors of n?
2
Let n = 3 + 29. What are the prime factors of n?
2
Let k(d) = -d**2 - 12. Let m be k(0). Let t = m - -25. List the prime factors of t.
13
Suppose -2 = j - 4. Suppose -3*l + j = -19. Suppose -4*k +